List the prime factors of z.
7
Let b(x) = -2*x**3 - 4*x**2 + 14*x + 15. What are the prime factors of b(-5)?
5, 19
Suppose 4*c - 2*c - 664 = 2*h, -5*h = 5*c - 1630. List the prime factors of c.
7, 47
Let v = -3 - -6. Suppose -4*m = -2*y - 68, -v*y - 2*m - 70 = -0*m. Let u = 43 + y. What are the prime factors of u?
17
Let t(a) be the third derivative of a**5/60 - a**4/8 + 5*a**3/6 - 3*a**2. List the prime factors of t(4).
3
List the prime factors of (5/(1 + (-40)/44))/1.
5, 11
Let u = 3 - 9. Let v(m) = 3*m**3 - 19*m**2 - 12*m - 14. Let w(h) = -h**3 + 9*h**2 + 6*h + 7. Let y(k) = 2*v(k) + 5*w(k). List the prime factors of y(u).
7
Suppose 0 = n + 3*n - 16. Suppose 80 = 9*u - n*u. What are the prime factors of u?
2
Suppose 13*b = -b + 770. What are the prime factors of b?
5, 11
Let m(c) = 6*c**3 - c**2 + c + 1. What are the prime factors of m(2)?
47
Let q = -79 - -173. List the prime factors of q.
2, 47
Let w = -5 + 5. Suppose w*p = 3*p - 6. Suppose 0 = p*m - 6*m + 12. List the prime factors of m.
3
Suppose -3*b + 4*j = -24, 32 = 7*b - 2*b - 4*j. What are the prime factors of b?
2
What are the prime factors of 1*381 - (-24)/(-12)?
379
Let v = -149 - -299. List the prime factors of v.
2, 3, 5
Let l be (1/(-2))/((-2)/36). Suppose 5*p + 1 = 5*v - 4, 0 = 3*v + p + l. List the prime factors of (6 + v)/((-1)/(-1)).
2
Let s = 52 - 154. Let a = s + 0. What are the prime factors of 2/3 - a/9?
2, 3
What are the prime factors of (-7)/(((-8)/(-46))/(-4))?
7, 23
Suppose 3*m - 205 = -4*j + 338, j + 3*m = 129. Suppose -8 + j = 5*b. Let g = b + -18. List the prime factors of g.
2
What are the prime factors of ((-400)/(-385) + (-4)/22)*42?
2, 3
Suppose -3*c = l - 226, 3*l - 699 = -6*c + 4*c. What are the prime factors of l?
5, 47
Let o(b) = 21*b**2 + b + 1. What are the prime factors of o(-1)?
3, 7
Suppose -47 = 5*p + 63. Let x = -13 - p. What are the prime factors of x?
3
Suppose -2*n = 2 - 12. What are the prime factors of n?
5
Let y = 107 - 39. Suppose 6*q = 2*q + y. What are the prime factors of q?
17
What are the prime factors of (1 - (-34)/(-1))*-1?
3, 11
Let j(l) = 9 - 1 - 5 + l. Let t = 10 - 7. List the prime factors of j(t).
2, 3
Let l(x) = x**2 - x + 4. Let u be l(-3). Let p be -1 - (-2)/((-6)/21). Let y = p + u. What are the prime factors of y?
2
List the prime factors of -1 + 136/((-4)/(-1)).
3, 11
Suppose -35 + 5 = -3*s. List the prime factors of s.
2, 5
Let u(w) = -2 - w**3 + 6*w**2 - 2 + 2*w - w**2. List the prime factors of u(3).
2, 5
Let k(y) = 4*y + 5. List the prime factors of k(5).
5
Let y be 44 - ((-6)/(-1) - 2). Suppose -n = -3*n + y. List the prime factors of n.
2, 5
Let u be 1/3 + (-6)/(-9). Suppose -u - 47 = 4*s. List the prime factors of 17/4 - (-3)/s.
2
Suppose 12 = -5*t - 148. Let b = -11 - t. What are the prime factors of b?
3, 7
Suppose 7*g = 4*g + 72. List the prime factors of g.
2, 3
Suppose 3*b = 8*b - 30. Suppose -3*k + 5*f = -64, -4*f + 42 = 4*k - 2*f. Let x = k - b. What are the prime factors of x?
7
Let b = -63 + 216. What are the prime factors of b?
3, 17
Let i = -4 - -2. Let t = i + 9. Suppose t = -4*q + 75. List the prime factors of q.
17
Let n = 55 - 1. What are the prime factors of n?
2, 3
What are the prime factors of (-188)/(-4) - 4/(-1)?
3, 17
Suppose -5*k + 38 = -217. List the prime factors of k.
3, 17
Let g = -102 - -216. What are the prime factors of g?
2, 3, 19
Let k(b) = -b**2 + b - 1. Let u(h) = 5*h**2 + 4*h + 9. Let j(a) = -4*k(a) - u(a). List the prime factors of j(-6).
7
Suppose -5*f + 16 + 4 = 0. Suppose 2*u = f*u - 32. Suppose 5*v - u = 24. List the prime factors of v.
2
Suppose -2*o + 7 = 1. Suppose 0 = -o*r - 5 + 113. List the prime factors of r.
2, 3
Suppose 3*b + 2*h = 890, -344 = -2*b - 4*h + 244. List the prime factors of b.
2, 149
Suppose -x - 4 = 0, b - 4*b - 2*x + 223 = 0. What are the prime factors of b?
7, 11
Let v(u) = u**3 - 5*u**2 + 4*u + 3. Let b be v(4). Suppose -y = b*y - 72. List the prime factors of y.
2, 3
What are the prime factors of (5 + -2)*524/6?
2, 131
Let q(z) = z**3 + 11*z**2 - 9*z + 17. List the prime factors of q(-11).
2, 29
Let l be 2/2 - (2 + -10). Suppose 5*h - 6*x + 20 = -x, x = -4*h + l. List the prime factors of (-5)/((h + 0)*-1).
5
Suppose -n - 3*a = 5 - 46, -a = 2*n - 107. List the prime factors of n.
2, 7
Let n(d) = -2*d - 17. Let f be n(-13). Let v be (2/3)/(3/f). Suppose v*h - 4*o = 36, 4*h - 4*o - 39 = 41. List the prime factors of h.
2, 11
Suppose 3*l = -x + 73, -81 = -x + 7*l - 2*l. What are the prime factors of x?
2, 19
Let m = 4 + -4. Suppose 3*g = 5*k + g, 2*g = m. What are the prime factors of 0 + 1 + (1 - k)?
2
Let l(a) = -a**2 + 13*a + 19. What are the prime factors of l(14)?
5
Let o be (-21)/(-5) + 2/(-10). List the prime factors of -2 + o - 0/(-2).
2
Suppose -3*t = 2*t + 20, 4*y + 3*t = -4. Let d = y - 0. Suppose 25 = d*u - m, 0 = 3*m + 14 + 1. What are the prime factors of u?
2, 5
Let x(o) = -o**3 + 6*o**2 + 8*o + 4. Let u be x(7). Suppose -k - 3*r + r - 9 = 0, k - 3*r = u. List the prime factors of 10/k*4/(-5).
2
Suppose 4*k - 61 = 3*b, 5*b - 37 = -6*k + 2*k. Let z = -6 - -11. Suppose s + 42 + 11 = z*m, -m + k = -s. List the prime factors of m.
2, 5
Let c(m) = -3*m**2 + 2*m**2 - 3 + m + 2*m**2 + 1. Let v(k) = -k**3 + 4*k**2 - 2*k - 2. Let w be v(2). What are the prime factors of c(w)?
2
Suppose -2*r + 0*b + 193 = -b, -2*r = -4*b - 184. What are the prime factors of r?
2, 7
Suppose 0 = -2*z + 36. List the prime factors of 1*-1 - (10 - z).
7
Let z(c) = -13*c + 5. What are the prime factors of z(-3)?
2, 11
Let c(p) = -p**3 - 6*p**2 - 5. Let q be c(-6). What are the prime factors of (2 + 3)*(-28)/q?
2, 7
Suppose -2*y = 3*y - 2*h - 364, -5*y + 361 = -3*h. List the prime factors of y.
2, 37
Let j = 8 + 4. List the prime factors of -51*(j/9)/(-4).
17
Suppose 0 = 54*d - 57*d + 624. What are the prime factors of d?
2, 13
Let c = 124 + -19. What are the prime factors of c?
3, 5, 7
Suppose -6*z + 313 = -71. List the prime factors of z.
2
Suppose 12 = 4*m - w, -3*m + m - 2*w - 4 = 0. Suppose -d = -m*l + 53, 0 = -l + 5*d + 19 + 12. What are the prime factors of l?
2, 13
List the prime factors of (-6*(-4)/(-32))/(4/(-752)).
3, 47
Let q be (1/3)/(5/75). Suppose -s + 3*r + 2 = 11, -2*r - 28 = q*s. List the prime factors of (39 - 0)*(-2)/s.
13
Suppose -i + 3*m = 15, 5*i + 2*m + 2*m - 20 = 0. Suppose 3*k - 6*k + 3 = i. What are the prime factors of 1/(k/3) - -2?
5
Suppose 0 = 5*r - 2*v - 9, 0 = -5*r - 2*v - 10 + 31. Suppose 2 = r*d - 7. What are the prime factors of d?
3
Let r be (-1)/(-1 - (-1 - -1)). What are the prime factors of r/(3 + 20/(-7))?
7
Suppose -2*z = z - 21. Suppose z - 175 = -4*f. What are the prime factors of f?
2, 3, 7
List the prime factors of (-7)/((-28)/64) - -2.
2, 3
Let f(x) = -x**3 - 8*x**2 + 10*x + 3. Let z be f(-9). List the prime factors of ((-34)/(-3))/((-4)/z).
17
Let d = -71 + 45. Let n = d - -44. Suppose 3*a - 4*s - 32 = 0, 3*a + 3*s - n = -0*a. What are the prime factors of a?
2
Let a be (6/(-4))/((-1)/(-6)). Let s(w) = -w**2 - 11*w - 1. What are the prime factors of s(a)?
17
List the prime factors of ((-6)/10)/(1 - 206/205).
3, 41
Let y be (2*-3)/(-7 + 8). List the prime factors of ((-4)/(-6))/(y/(-27)).
3
Suppose 5*l + 9 = 2*l. List the prime factors of l/(-12) - 66/(-24).
3
Suppose 4*u + 5*y - 193 = 0, -2*y + 50 = u + y. List the prime factors of u.
47
Let i = 2 + -2. Let b be 0 + (i - 1) + 3. Suppose -3*v = 5*u - 34 - b, -u = 5*v - 38. List the prime factors of v.
7
Suppose 4*t = 6*t - 26. Suppose -t = -12*k + 11*k. List the prime factors of k.
13
Let b be (-83 + (-1 - -1))*1. Let h = -44 - b. What are the prime factors of h?
3, 13
List the prime factors of 1/3 - 142/(-6).
2, 3
List the prime factors of (2 - 8)*264/(-9).
2, 11
Suppose 0 = -3*c + 2*c + 45. List the prime factors of c.
3, 5
Let b be (-13)/(-6) + (-9)/54. Suppose 12 = 4*w, b*z - 2*w + 42 = 4*z. What are the prime factors of z?
2, 3
Suppose -2*g = -83 - 31. Let m = g - 41. What are the prime factors of m?
2
Let z(j) = -j**3 - 5*j**2 + 5*j - 3. Let w be z(-6). Let h = 11 - w. What are the prime factors of h?
2
Suppose -2*j = 3*j - 80. Let k = -11 + 5. Let y = j + k. List the prime factors of y.
2, 5
Let p(f) = -2 + 0 + f**2 - 2 + 2. What are the prime factors of p(3)?
7
L